{"id":96,"date":"2017-11-07T22:29:30","date_gmt":"2017-11-07T20:29:30","guid":{"rendered":"http:\/\/kiltsimois.ee\/rbd\/?page_id=96"},"modified":"2019-09-14T15:45:09","modified_gmt":"2019-09-14T12:45:09","slug":"media","status":"publish","type":"page","link":"https:\/\/kiltsimois.ee\/rbd\/media\/","title":{"rendered":"MEDIA IMPACT"},"content":{"rendered":"<p style=\"text-align: center;\"><span style=\"font-family: impact, sans-serif; font-size: 24pt; background-color: #0000ff; color: #ffffff;\">ESTONIA<\/span><\/p>\n<p><span style=\"font-size: 14pt;\"><strong>NEWSPAPERS<\/strong><\/span><\/p>\n<p><span style=\"color: #000000;\"><a style=\"color: #000000;\" href=\"http:\/\/v-maarja.kovtp.ee\/documents\/19398149\/19971068\/VMVI_november_2017.pdf\/87d3caf6-625e-49ca-8bfb-e9c80fafbf92?version=1.0&amp;inheritRedirect=true\"><span style=\"font-size: 14pt;\">V\u00e4ike-Maarja valla infoleht, NOVEMBER 2018, lehek\u00fclg 10<\/span><\/a><\/span><\/p>\n<p><a href=\"http:\/\/v-maarja.kovtp.ee\/documents\/19398149\/19971065\/VMVI_m%C3%A4rts_2018.pdf\/7b51b4db-38ca-4741-aefe-73fcd680812a?version=1.0&amp;inheritRedirect=true\"><span style=\"font-size: 14pt;\">V\u00e4ike-Maarja valla infoleht, M\u00c4RTS 2018, lehek\u00fclg 10<\/span><\/a><\/p>\n<p><a href=\"http:\/\/v-maarja.kovtp.ee\/documents\/19398149\/19971065\/VMVI_juuni_2018.pdf\/cf1dc437-73ae-4375-bd8a-be5c9e4568eb?version=1.0&amp;inheritRedirect=true\"><span style=\"font-size: 14pt;\">V\u00e4ike-Maarja valla infoleht, JUUNI 2018, lehek\u00fclg 12<\/span><\/a><\/p>\n<p><a href=\"http:\/\/v-maarja.kovtp.ee\/documents\/19398149\/20142520\/V-M+Infoleht+2019+aprill.pdf\/fd498f45-394f-47db-b376-b5c88d2da008\"><span style=\"font-size: 14pt;\">V\u00e4ike-Maarja valla infoleht, APRILL 2019, lehek\u00fclg 5<\/span><\/a><\/p>\n<p><a href=\"https:\/\/v-maarja.kovtp.ee\/documents\/19398149\/20142520\/V-M+Infoleht+2019+mai.pdf\/ba823311-d4a1-4be8-ad8d-4d49609dd5a9\"><span style=\"font-size: 14pt;\">V\u00e4ike-Maarja valla infoleht, MAI 2019, lehek\u00fclg 15<\/span><\/a><\/p>\n<p><a href=\"http:\/\/v-maarja.kovtp.ee\/documents\/19398149\/20142520\/V-M+Infoleht+2019+september.pdf\/c1102810-08b0-4034-8ef2-5d803dd029b9\"><span style=\"font-size: 14pt;\">V\u00e4ike-Maarja valla infoleht, SEPTEMBER 2019, lehek\u00fclg 12<\/span><\/a><\/p>\n<p><span style=\"font-size: 14pt;\"><strong>EXPOSITION AT THE SCHOOL<\/strong><\/span><\/p>\n<table>\n<tbody>\n<tr>\n<td><img loading=\"lazy\" decoding=\"async\" class=\"aligncenter size-medium wp-image-2145\" src=\"http:\/\/kiltsimois.ee\/rbd\/wp-content\/uploads\/2018\/03\/2-300x225.jpg\" alt=\"\" width=\"300\" height=\"225\" srcset=\"https:\/\/kiltsimois.ee\/rbd\/wp-content\/uploads\/2018\/03\/2-300x225.jpg 300w, https:\/\/kiltsimois.ee\/rbd\/wp-content\/uploads\/2018\/03\/2-768x576.jpg 768w, https:\/\/kiltsimois.ee\/rbd\/wp-content\/uploads\/2018\/03\/2-24x18.jpg 24w, https:\/\/kiltsimois.ee\/rbd\/wp-content\/uploads\/2018\/03\/2-48x36.jpg 48w, https:\/\/kiltsimois.ee\/rbd\/wp-content\/uploads\/2018\/03\/2-50x38.jpg 50w, https:\/\/kiltsimois.ee\/rbd\/wp-content\/uploads\/2018\/03\/2.jpg 950w\" sizes=\"(max-width: 300px) 100vw, 300px\" \/><\/td>\n<td><img loading=\"lazy\" decoding=\"async\" class=\"aligncenter size-medium wp-image-2146\" src=\"http:\/\/kiltsimois.ee\/rbd\/wp-content\/uploads\/2018\/03\/3-225x300.jpg\" alt=\"\" width=\"225\" height=\"300\" srcset=\"https:\/\/kiltsimois.ee\/rbd\/wp-content\/uploads\/2018\/03\/3-225x300.jpg 225w, https:\/\/kiltsimois.ee\/rbd\/wp-content\/uploads\/2018\/03\/3-18x24.jpg 18w, https:\/\/kiltsimois.ee\/rbd\/wp-content\/uploads\/2018\/03\/3-36x48.jpg 36w, https:\/\/kiltsimois.ee\/rbd\/wp-content\/uploads\/2018\/03\/3-38x50.jpg 38w, https:\/\/kiltsimois.ee\/rbd\/wp-content\/uploads\/2018\/03\/3.jpg 713w\" sizes=\"(max-width: 225px) 100vw, 225px\" \/><\/td>\n<\/tr>\n<tr>\n<td><img loading=\"lazy\" decoding=\"async\" class=\"aligncenter size-medium wp-image-2147\" src=\"http:\/\/kiltsimois.ee\/rbd\/wp-content\/uploads\/2018\/03\/4-225x300.jpg\" alt=\"\" width=\"225\" height=\"300\" srcset=\"https:\/\/kiltsimois.ee\/rbd\/wp-content\/uploads\/2018\/03\/4-225x300.jpg 225w, https:\/\/kiltsimois.ee\/rbd\/wp-content\/uploads\/2018\/03\/4-18x24.jpg 18w, https:\/\/kiltsimois.ee\/rbd\/wp-content\/uploads\/2018\/03\/4-36x48.jpg 36w, https:\/\/kiltsimois.ee\/rbd\/wp-content\/uploads\/2018\/03\/4-38x50.jpg 38w, https:\/\/kiltsimois.ee\/rbd\/wp-content\/uploads\/2018\/03\/4.jpg 713w\" sizes=\"(max-width: 225px) 100vw, 225px\" \/><\/td>\n<td><img loading=\"lazy\" decoding=\"async\" class=\"aligncenter size-medium wp-image-2144\" src=\"http:\/\/kiltsimois.ee\/rbd\/wp-content\/uploads\/2018\/03\/1-225x300.jpg\" alt=\"\" width=\"225\" height=\"300\" srcset=\"https:\/\/kiltsimois.ee\/rbd\/wp-content\/uploads\/2018\/03\/1-225x300.jpg 225w, https:\/\/kiltsimois.ee\/rbd\/wp-content\/uploads\/2018\/03\/1-18x24.jpg 18w, https:\/\/kiltsimois.ee\/rbd\/wp-content\/uploads\/2018\/03\/1-36x48.jpg 36w, https:\/\/kiltsimois.ee\/rbd\/wp-content\/uploads\/2018\/03\/1-37x50.jpg 37w, https:\/\/kiltsimois.ee\/rbd\/wp-content\/uploads\/2018\/03\/1.jpg 714w\" sizes=\"(max-width: 225px) 100vw, 225px\" \/><\/td>\n<\/tr>\n<\/tbody>\n<\/table>\n<p>&nbsp;<\/p>\n<table style=\"height: 951px;\" width=\"847\">\n<tbody>\n<tr style=\"height: 212px;\">\n<td style=\"width: 481px; height: 212px;\"><img loading=\"lazy\" decoding=\"async\" class=\"size-medium wp-image-2343 aligncenter\" src=\"http:\/\/kiltsimois.ee\/rbd\/wp-content\/uploads\/2018\/05\/1-224x300.jpg\" alt=\"\" width=\"224\" height=\"300\" srcset=\"https:\/\/kiltsimois.ee\/rbd\/wp-content\/uploads\/2018\/05\/1-224x300.jpg 224w, https:\/\/kiltsimois.ee\/rbd\/wp-content\/uploads\/2018\/05\/1-18x24.jpg 18w, https:\/\/kiltsimois.ee\/rbd\/wp-content\/uploads\/2018\/05\/1-36x48.jpg 36w, https:\/\/kiltsimois.ee\/rbd\/wp-content\/uploads\/2018\/05\/1-37x50.jpg 37w, https:\/\/kiltsimois.ee\/rbd\/wp-content\/uploads\/2018\/05\/1.jpg 667w\" sizes=\"(max-width: 224px) 100vw, 224px\" \/><\/td>\n<td style=\"width: 363px; height: 212px;\"><img loading=\"lazy\" decoding=\"async\" class=\"aligncenter size-medium wp-image-2344\" src=\"http:\/\/kiltsimois.ee\/rbd\/wp-content\/uploads\/2018\/05\/2-222x300.jpg\" alt=\"\" width=\"222\" height=\"300\" srcset=\"https:\/\/kiltsimois.ee\/rbd\/wp-content\/uploads\/2018\/05\/2-222x300.jpg 222w, https:\/\/kiltsimois.ee\/rbd\/wp-content\/uploads\/2018\/05\/2-18x24.jpg 18w, https:\/\/kiltsimois.ee\/rbd\/wp-content\/uploads\/2018\/05\/2-35x48.jpg 35w, https:\/\/kiltsimois.ee\/rbd\/wp-content\/uploads\/2018\/05\/2-37x50.jpg 37w, https:\/\/kiltsimois.ee\/rbd\/wp-content\/uploads\/2018\/05\/2.jpg 666w\" sizes=\"(max-width: 222px) 100vw, 222px\" \/><\/td>\n<\/tr>\n<tr style=\"height: 157px;\">\n<td style=\"width: 481px; height: 157px;\"><img loading=\"lazy\" decoding=\"async\" class=\"aligncenter size-medium wp-image-2345\" src=\"http:\/\/kiltsimois.ee\/rbd\/wp-content\/uploads\/2018\/05\/3-171x300.jpg\" alt=\"\" width=\"171\" height=\"300\" srcset=\"https:\/\/kiltsimois.ee\/rbd\/wp-content\/uploads\/2018\/05\/3-171x300.jpg 171w, https:\/\/kiltsimois.ee\/rbd\/wp-content\/uploads\/2018\/05\/3-14x24.jpg 14w, https:\/\/kiltsimois.ee\/rbd\/wp-content\/uploads\/2018\/05\/3-27x48.jpg 27w, https:\/\/kiltsimois.ee\/rbd\/wp-content\/uploads\/2018\/05\/3-28x50.jpg 28w, https:\/\/kiltsimois.ee\/rbd\/wp-content\/uploads\/2018\/05\/3.jpg 534w\" sizes=\"(max-width: 171px) 100vw, 171px\" \/><\/td>\n<td style=\"width: 363px; height: 157px;\"><img loading=\"lazy\" decoding=\"async\" class=\"aligncenter size-medium wp-image-2346\" src=\"http:\/\/kiltsimois.ee\/rbd\/wp-content\/uploads\/2018\/05\/4-175x300.jpg\" alt=\"\" width=\"175\" height=\"300\" srcset=\"https:\/\/kiltsimois.ee\/rbd\/wp-content\/uploads\/2018\/05\/4-175x300.jpg 175w, https:\/\/kiltsimois.ee\/rbd\/wp-content\/uploads\/2018\/05\/4-14x24.jpg 14w, https:\/\/kiltsimois.ee\/rbd\/wp-content\/uploads\/2018\/05\/4-28x48.jpg 28w, https:\/\/kiltsimois.ee\/rbd\/wp-content\/uploads\/2018\/05\/4-29x50.jpg 29w, https:\/\/kiltsimois.ee\/rbd\/wp-content\/uploads\/2018\/05\/4.jpg 533w\" sizes=\"(max-width: 175px) 100vw, 175px\" \/><\/td>\n<\/tr>\n<tr style=\"height: 157px;\">\n<td style=\"width: 481px; height: 157px;\"><img loading=\"lazy\" decoding=\"async\" class=\"aligncenter size-medium wp-image-2348\" src=\"http:\/\/kiltsimois.ee\/rbd\/wp-content\/uploads\/2018\/05\/6-169x300.jpg\" alt=\"\" width=\"169\" height=\"300\" srcset=\"https:\/\/kiltsimois.ee\/rbd\/wp-content\/uploads\/2018\/05\/6-169x300.jpg 169w, https:\/\/kiltsimois.ee\/rbd\/wp-content\/uploads\/2018\/05\/6-14x24.jpg 14w, https:\/\/kiltsimois.ee\/rbd\/wp-content\/uploads\/2018\/05\/6-27x48.jpg 27w, https:\/\/kiltsimois.ee\/rbd\/wp-content\/uploads\/2018\/05\/6-28x50.jpg 28w, https:\/\/kiltsimois.ee\/rbd\/wp-content\/uploads\/2018\/05\/6.jpg 538w\" sizes=\"(max-width: 169px) 100vw, 169px\" \/><\/td>\n<td style=\"width: 363px; height: 157px;\"><img loading=\"lazy\" decoding=\"async\" class=\"aligncenter size-medium wp-image-2347\" src=\"http:\/\/kiltsimois.ee\/rbd\/wp-content\/uploads\/2018\/05\/5-184x300.jpg\" alt=\"\" width=\"184\" height=\"300\" srcset=\"https:\/\/kiltsimois.ee\/rbd\/wp-content\/uploads\/2018\/05\/5-184x300.jpg 184w, https:\/\/kiltsimois.ee\/rbd\/wp-content\/uploads\/2018\/05\/5-15x24.jpg 15w, https:\/\/kiltsimois.ee\/rbd\/wp-content\/uploads\/2018\/05\/5-29x48.jpg 29w, https:\/\/kiltsimois.ee\/rbd\/wp-content\/uploads\/2018\/05\/5-31x50.jpg 31w, https:\/\/kiltsimois.ee\/rbd\/wp-content\/uploads\/2018\/05\/5.jpg 572w\" sizes=\"(max-width: 184px) 100vw, 184px\" \/><\/td>\n<\/tr>\n<\/tbody>\n<\/table>\n<p style=\"text-align: center;\"><span style=\"font-family: impact, sans-serif; font-size: 24pt; background-color: #ff0000; color: #ffffff;\"><span style=\"color: #ffff00;\">SPAIN<\/span><\/span><\/p>\n<p><em><span style=\"font-size: 14pt;\"><strong>LOCAL &amp; REGIONAL RADIO &#8211;&nbsp; INTERVIEWS<\/strong><\/span><\/em><\/p>\n<p><span style=\"font-size: 14pt;\"><a href=\"http:\/\/www.colegiomediterraneo.com\/index.php\/noticias\/436-entrevista-en-la-radio\">Entrevista en la Radio hablando sobre Sta. Margherita Ligure<\/a><\/span><\/p>\n<p><span style=\"font-size: 14pt;\"><a href=\"http:\/\/www.colegiomediterraneo.com\/index.php\/noticias-rbd\/497-experiencia-en-la-radio\">Entrevista en la Radio hablando sobre Grohotno<\/a><\/span><\/p>\n<p><em><strong><span style=\"font-size: 14pt;\">TV<\/span><\/strong><\/em><\/p>\n<p><span style=\"font-size: 14pt;\"><a href=\"http:\/\/www.colegiomediterraneo.com\/index.php\/noticias-rbd\/503-visita-erasmus-en-las-noticias\">El CEIP Mediterr\u00e1neo en la TV B\u00falgara<\/a><\/span><\/p>\n<p><em><strong><span style=\"font-size: 14pt;\">TEACHERS TRAININGS<\/span><\/strong><\/em><\/p>\n<p><a href=\"http:\/\/www.colegiomediterraneo.com\/index.php\/noticias-rbd\/452-experiencias-erasmus\"><span style=\"font-size: 14pt;\">Presenting our project RBD in trainings for teachers of the Valencian Community. Talking and presenting Erasmus+ experiencies<\/span><\/a><\/p>\n<p style=\"text-align: center;\"><span style=\"color: #008000;\"><strong><span style=\"font-size: 24pt;\">ITALY<\/span><\/strong><\/span><\/p>\n<p><a href=\"https:\/\/madmagz.com\/magazine\/1449296#\/page\/21\"><span style=\"font-size: 14pt;\">Meeting in Spain<\/span><\/a><\/p>\n<p><a href=\"https:\/\/madmagz.com\/magazine\/1448376#\/page\/15\"><span style=\"font-size: 14pt;\">Meeting in Bulgaria<\/span><\/a><\/p>\n<p><a href=\"https:\/\/madmagz.com\/magazine\/1448376#\/page\/16\"><span style=\"font-size: 14pt;\">Meeting in Bulgaria<\/span><\/a><\/p>\n<p>&nbsp;<\/p>\n","protected":false},"excerpt":{"rendered":"<p>ESTONIA NEWSPAPERS V\u00e4ike-Maarja valla infoleht, NOVEMBER 2018, lehek\u00fclg 10 V\u00e4ike-Maarja valla infoleht, M\u00c4RTS 2018, lehek\u00fclg 10 V\u00e4ike-Maarja valla infoleht, JUUNI 2018, lehek\u00fclg 12 V\u00e4ike-Maarja valla infoleht, APRILL 2019, lehek\u00fclg 5 V\u00e4ike-Maarja valla infoleht, MAI 2019, lehek\u00fclg 15 V\u00e4ike-Maarja valla infoleht, SEPTEMBER 2019, lehek\u00fclg 12 EXPOSITION AT THE SCHOOL &nbsp; SPAIN LOCAL &amp; REGIONAL RADIO &#8211;&nbsp; [&hellip;]<\/p>\n","protected":false},"author":1,"featured_media":0,"parent":0,"menu_order":0,"comment_status":"closed","ping_status":"closed","template":"","meta":{"footnotes":""},"_links":{"self":[{"href":"https:\/\/kiltsimois.ee\/rbd\/wp-json\/wp\/v2\/pages\/96"}],"collection":[{"href":"https:\/\/kiltsimois.ee\/rbd\/wp-json\/wp\/v2\/pages"}],"about":[{"href":"https:\/\/kiltsimois.ee\/rbd\/wp-json\/wp\/v2\/types\/page"}],"author":[{"embeddable":true,"href":"https:\/\/kiltsimois.ee\/rbd\/wp-json\/wp\/v2\/users\/1"}],"replies":[{"embeddable":true,"href":"https:\/\/kiltsimois.ee\/rbd\/wp-json\/wp\/v2\/comments?post=96"}],"version-history":[{"count":18,"href":"https:\/\/kiltsimois.ee\/rbd\/wp-json\/wp\/v2\/pages\/96\/revisions"}],"predecessor-version":[{"id":4459,"href":"https:\/\/kiltsimois.ee\/rbd\/wp-json\/wp\/v2\/pages\/96\/revisions\/4459"}],"wp:attachment":[{"href":"https:\/\/kiltsimois.ee\/rbd\/wp-json\/wp\/v2\/media?parent=96"}],"curies":[{"name":"wp","href":"https:\/\/api.w.org\/{rel}","templated":true}]}}